 0, -3*p + u = -5 - 2. Suppose -p*r - 6*q - 10 = -2*q, 0 = -4*q - 16. What are the prime factors of r?
3
Let z be ((-10)/30)/(1/15). Let w(i) = -2*i + 4. What are the prime factors of w(z)?
2, 7
Let u(a) = -106*a - 2. List the prime factors of u(-2).
2, 3, 5, 7
Let r(z) = -11*z + 7. Let o be r(-8). Let f = o + -57. List the prime factors of f.
2, 19
Let m be 6/(-7)*1*-7. Suppose 6*j - 3*j = m. What are the prime factors of j?
2
List the prime factors of (0 - -1 - 0) + (8 - -100).
109
Suppose -50 = -5*w + 90. What are the prime factors of w?
2, 7
Suppose 4*w + 5*m = 759 - 131, -5*w + 776 = 4*m. What are the prime factors of w?
2, 19
Suppose 0 = 5*n - 2*w - 865, -4*n + 6*n + w - 337 = 0. List the prime factors of n.
3, 19
Let k = 26 - 0. List the prime factors of k.
2, 13
Suppose 1 = 5*i + 6. Let g(h) = -19*h. What are the prime factors of g(i)?
19
Let r(q) be the second derivative of -q**5/20 - 7*q**4/12 + 7*q**3/6 + q**2/2 + 5*q. What are the prime factors of r(-8)?
3
Suppose 0 = -2*g - 2*g + 12. Suppose 2*w - 2*j - 24 = 0, -20 + 2 = -w + g*j. List the prime factors of w.
3
Let b be (-8 + 9)/((-3)/(-21)). Let c(m) = m**3 + 7*m**2 + 2*m + 5. Let v be c(-6). Let z = v - b. What are the prime factors of z?
2, 11
Let o(z) = -122*z + 8. What are the prime factors of o(-2)?
2, 3, 7
Let o(a) = -a**3 + 7*a**2 - 6*a + 2. Let v be o(6). Suppose -6*i + 16 = -v*i. What are the prime factors of i?
2
Let n be 1149/5 - 6/(-30). Suppose -5*j = -0*j - n. List the prime factors of j.
2, 23
Suppose -158 = -4*l + 90. What are the prime factors of l/8 - 6/(-24)?
2
List the prime factors of (48/(-10))/(3/(-15)).
2, 3
List the prime factors of 1397/22*(-1 - -5).
2, 127
Suppose -22 = 2*b - 0. Let m = -18 - b. Let j = -5 - m. List the prime factors of j.
2
Let v = -61 - -111. List the prime factors of v.
2, 5
Suppose x = 3*x. Let j(n) = -n**2 + 3 + 5*n + x*n**2 + 2*n**2 + 0*n**2. List the prime factors of j(-5).
3
List the prime factors of 165/(-22)*40/(-3).
2, 5
Suppose 112 - 16 = s. List the prime factors of s.
2, 3
What are the prime factors of -10 + 121 - (0 - -2)?
109
Let i be (-2)/((-4)/14) + 0. Suppose 3*v - 2 = i. List the prime factors of v.
3
Let f(n) = 7*n - 8. List the prime factors of f(7).
41
Suppose -10*k - 500 = -15*k. Suppose -b - k = -6*b. What are the prime factors of b?
2, 5
Suppose 2*i + 7 = 23. Suppose 2 - i = -3*x. What are the prime factors of x?
2
Let a(s) = s**2 - s. Let d = -2 - -5. What are the prime factors of a(d)?
2, 3
Let i(b) = -b**3 - 2*b**2 - 4*b + 7. What are the prime factors of i(-4)?
5, 11
What are the prime factors of (9 - 5) + (-54)/(-2)?
31
Let c(w) = 20*w - 14. List the prime factors of c(4).
2, 3, 11
Let z(g) = 19*g - 5. What are the prime factors of z(5)?
2, 3, 5
Suppose -132 = 3*w + 156. Let b be (1/(-1))/((-8)/w). What are the prime factors of (b/9)/((-2)/30)?
2, 5
Suppose 0 = 2*u - 3*u + 4*f + 10, 5*u - 2*f + 4 = 0. Let b(s) be the third derivative of -s**4/24 + s**3/3 + 29*s**2. List the prime factors of b(u).
2
Let z(k) = -k**2 + 3*k + 3. Let v be z(4). Let b be (v - -2)*(-24)/(-4). What are the prime factors of (b/(-7))/(1/(-7))?
2, 3
Suppose 5*f + m - 32 = f, 0 = 4*f - m - 32. What are the prime factors of (-76)/2*(-4)/f?
19
List the prime factors of (-3)/6 + 85/2.
2, 3, 7
Suppose -6*a + 2*a = -8. Suppose -a*f = 6*v - v - 61, f + 41 = 3*v. Suppose 0*j - 4*q = -2*j, -v = -5*j - 3*q. What are the prime factors of j?
2
List the prime factors of -2*((-33)/6 + 1).
3
Let w(h) = -h - 1. Let r be ((-18)/4*-2)/(-1). Let g be w(r). What are the prime factors of 12/9*(g + 1)?
2, 3
Suppose 0 = -8*u - 0*u + 752. What are the prime factors of u?
2, 47
Suppose 77 = 3*s - 13. List the prime factors of s.
2, 3, 5
Suppose 0 = 5*v - 10*v + 25. Suppose -78 = -5*y + 2*r, -3*y = 3*r - v*r - 46. List the prime factors of y.
2
Let u be (9 - 4 - 3) + -3. What are the prime factors of (3/1)/(u/(-11))?
3, 11
Let y = 3 - -4. List the prime factors of y.
7
Suppose q + 1 = -2. Let m be (-68)/(-12) - (-2)/q. Suppose -m*t + t + 12 = 0. What are the prime factors of t?
3
Let t be 6 - (-2 + 1 - -3). Suppose 5 = t*j - 7. Suppose -j*q + 4*m = -43, 0 = -5*m - 5. List the prime factors of q.
13
Let z = 57 + 11. Suppose -z = 5*f - 9*f. What are the prime factors of f?
17
Let h = -126 + 258. List the prime factors of h.
2, 3, 11
Let n = 20 - -7. What are the prime factors of n?
3
Suppose -r + 0 + 4 = 0. Suppose r*x - 10 = -2*n, 4*n + 2*x + 2*x - 40 = 0. What are the prime factors of n?
3, 5
Let n be ((-4)/(-10))/(1/5). Suppose -h = 2*h + 4*r - 74, -n*r - 26 = -2*h. What are the prime factors of h?
2, 3
Let y(v) = -v**3 + 9*v**2 - 8*v + 6. What are the prime factors of y(8)?
2, 3
Let a = -1 - 0. Suppose 2*g - 4*n + n + 32 = 0, g + n + 6 = 0. Let p = a - g. List the prime factors of p.
3
Let v = -53 - -101. What are the prime factors of v?
2, 3
Let k(j) = 5*j**3 - 4*j**2 + 8*j - 1. List the prime factors of k(4).
7, 41
Suppose 8 = -4*q, -4*n - 4*q + 537 = n. List the prime factors of n.
109
Suppose 4*i - 4*t - 3 + 15 = 0, 3*t - 17 = -i. Suppose w - 6 = i. What are the prime factors of w?
2
Let s = 82 - 47. Suppose -3*v = -8*v + s. List the prime factors of v.
7
Let y(o) = o**2 + 4*o - 8. Let u be y(-6). Suppose 5*s = 3*n - 48, -u*n + n + 45 = -4*s. Let h = n - 7. List the prime factors of h.
2
Suppose -4*z = -1 - 7. Suppose -r - 15 = z*r, 2*r = -4*h - 2. List the prime factors of h.
2
What are the prime factors of (-1)/2 + 203/2?
101
Suppose -190 = -g - 70. What are the prime factors of g?
2, 3, 5
Let x = 16 - 10. Suppose -9*w + 144 = -x*w. List the prime factors of w.
2, 3
Suppose -3*o = o + 72. Suppose m + 2*u + 31 = 0, -8*u + 4*u = -4*m - 124. Let c = o - m. What are the prime factors of c?
13
Let w = 10 + -8. What are the prime factors of w?
2
Let v(a) = 3*a + 4*a**3 + 3 - 5*a**2 + 2*a - 3*a**3. Suppose 0 = -4*b - 4, 5*m - 3*b - 18 = -5*b. List the prime factors of v(m).
7
Suppose -3*s = -3*v + 90, -4*s = 3 + 1. What are the prime factors of v?
29
Suppose -3*s + 6*s - 3 = 2*o, o - 9 = -2*s. Let k = -49 + 61. Suppose o*z + z = k. What are the prime factors of z?
3
Let b(f) = 7*f**2 + f + 2. Let n be b(-2). Let a = 41 - n. List the prime factors of a.
13
Let y(f) = -f**3 - f**2 - f + 22. What are the prime factors of y(0)?
2, 11
Let a(c) be the third derivative of c**6/120 - 2*c**5/15 - 3*c**4/8 + 5*c**3/3 + c**2. Let m be -1*(0 + -1)*9. List the prime factors of a(m).
2, 5
Let l(h) = -2 + 4*h - 3*h - h**2 - 4*h. Let o be l(-2). Suppose o*u + 4*u = 40. What are the prime factors of u?
2, 5
Let i = -7 + 2. Let p = -1 - i. List the prime factors of p.
2
Let t(g) = -g**3 + 12*g**2 + 12*g + 18. Let w be t(13). Suppose o + 230 = w*c, 31 + 41 = c + 5*o. What are the prime factors of c?
47
Let o(c) = -c**3 + 12*c**2 + 20*c - 8. What are the prime factors of o(13)?
83
Suppose 4*b + 3*c + 18 = 3, 4*c - 2 = 2*b. Let r be (-6)/(-4)*-2 - b. Let f(i) = -i**3 - i**2 + i + 3. List the prime factors of f(r).
3
Let p(i) = 2*i - 10. Let s be p(7). List the prime factors of ((-54)/(-4))/(3/s).
2, 3
Let m be (-1)/1*(-3 - 1). Let q = 61 + -57. Suppose -i - 77 = -q*x - x, -2*x = -m*i - 38. List the prime factors of x.
3, 5
List the prime factors of (1 - -3)/4*281.
281
Let t = -123 + 189. Let k = -45 + t. Suppose -k - 3 = -4*y. List the prime factors of y.
2, 3
Let b(f) = -f**2 - 14*f - 12. Let v = -21 + 10. List the prime factors of b(v).
3, 7
Let f be 4/18 - (-6)/(-27). Suppose 0 = -4*q + 20 - 4. Suppose f*k + 48 = q*k. What are the prime factors of k?
2, 3
Let q = 23 - -1. What are the prime factors of q?
2, 3
Let g = 20 - 17. Suppose 50 = 2*b + 2*m + 14, -3*m = -g*b + 42. List the prime factors of b.
2
Suppose 0*f = -f - 5. Let g = 32 + f. What are the prime factors of g?
3
Suppose 0 = 4*u + 4*g - 52, 3*u + 0*g - 4*g - 53 = 0. What are the prime factors of u?
3, 5
Suppose r + 262 = 5*t, -2*t - 5*r = -t - 68. What are the prime factors of t?
53
Let z = -228 - -440. What are the prime factors of z?
2, 53
Let c = -17 - -41. List the prime factors of c.
2, 3
Let w be 10 - (4 - (1 + 0)). Suppose 2*j - 1 = w. List the prime factors of j.
2
Suppose -2*g + 138 - 20 = 0. List the prime factors of g.
59
Suppose -z + 9*p - 6*p + 271 = 0, 4*p = -5*z + 1336. What are the prime facto